f**2 + 6*f - 20. What is h(a)?
-36
Let a(y) be the first derivative of 3*y**4/2 + y**3/3 - 3*y**2/2 + 2*y - 3. Let z(o) = -17*o**3 - 2*o**2 + 9*o - 6. Let c(m) = 8*a(m) + 3*z(m). Calculate c(2).
-12
Suppose -11*r + 9 = -r - 21. Let f(q) = q**3 - 6*q**2 + 5*q - 3. What is f(r)?
-15
Let f(h) = h**2 - 120*h + 3249. Let b be f(41). Let x(l) = 13*l - 30. What is x(b)?
100
Suppose h = -4*c - 3*h - 12, 2*h + 2 = 0. Suppose -179*j + 178*j = -b + 25, -37 = -b + 4*j. Let a be -3 + b/35 + c/(-5). Let k(t) = -t - 1. What is k(a)?
1
Let g(r) = -4*r**2 - 73*r - 25. Let j be g(-18). Let v(q) = 11*q + 1. Let t(o) = 36*o + 3. Let z(x) = j*v(x) + 2*t(x). Give z(-1).
4
Let k(z) = -11*z + 210. Suppose -57 = 139*g - 142*g + 3*h, -h = 4*g - 76. What is k(g)?
1
Let x = -224 - -236. Let f(z) = -3 - 1 + 8*z + x + 6 + z**2 - 8. Let l(m) = -m**2 + m. Let c be l(3). Determine f(c).
-6
Let h(y) = -2*y + 77. Let d be (-1)/12 - -1407*25/900. Give h(d).
-1
Let o(n) be the first derivative of n**4/4 - n**3/3 - 2*n**2 + 3*n + 5565. Determine o(-4).
-61
Let s(z) be the second derivative of 4/3*z**3 + 1/12*z**4 + 5/2*z**2 + 0 + 52*z. What is s(-4)?
-11
Let w = 1264 + -1259. Let g(y) = y - 17. Calculate g(w).
-12
Let s(z) be the third derivative of z**4/12 - 3*z**3 - 22641*z**2. Let t(y) = 5*y - 1. Let d be t(3). Determine s(d).
10
Let q be -2 + 33/15 - (-1180)/100. Let k be (12/q)/(-1 + (-2 - -2)). Let s(h) be the first derivative of -h**2 - h - 2. Determine s(k).
1
Let a(r) = 2*r**2 + 3*r - 4. Let d = 542 + -542. Suppose d = 9*q + 23 - 50. What is a(q)?
23
Let v(z) = 0 + 9*z - 12*z + 3 - 6. Let r be v(-3). Let y(g) = 10 + r*g - 4 - 3 - g**2. Determine y(6).
3
Suppose 10 = 5*l + 20. Let c be (-5)/(30/(-16))*(-3)/l. Let n(i) = 2*i**3 + 3 - i - c*i - i**3 + 0*i - i**2. Give n(3).
6
Let n(r) be the first derivative of -1/3*r**3 + 5 - 6*r + 1/6*r**4 - 1/2*r**2. Let b(o) be the first derivative of n(o). What is b(2)?
3
Suppose -3*y - 41*x = -42*x - 49, 21 = y - x. Let l(c) = -2*c + 47. Give l(y).
19
Let b(f) = f + 6*f + 6*f**2 + 31 - 28 - f**3 - 8. Calculate b(7).
-5
Let g(t) be the first derivative of -15*t**2/2 - 133*t - 3034. Give g(-7).
-28
Let g(h) be the first derivative of -40 - 2*h**2 + h**3 + 1/2*h**4 - h. Calculate g(-3).
-16
Let p(u) = 10*u**2 - u. Suppose 24*j + 2*j = 520. Suppose j*f - 14*f = 6. Calculate p(f).
9
Let z be (-3)/30 - (-9)/90. Let h(j) be the third derivative of 0 + 1/10*j**5 + 0*j**4 + z*j - 1/120*j**6 - 16*j**2 - 1/3*j**3. Give h(6).
-2
Let d = -3353 + 3378. Let x(g) = -g + 37. What is x(d)?
12
Let r be ((-1)/(-3))/((-3)/45). Let i(a) = -a + 1. Suppose 2*z + 10 = 12*z. Let p(k) = 6*k + 1. Let u(s) = z*p(s) + 5*i(s). What is u(r)?
1
Let s(j) be the first derivative of -j**5/20 + j**4/2 + j**3/3 - 5*j**2/2 - 96*j + 51. Let p(m) be the first derivative of s(m). Determine p(6).
7
Let z(s) = s**2 - s + 5. Let c be 1 + -5 + (3 - 3). Let p be c - (3 + -2 + -12). Let d be 40/(-35)*p/(-2). Give z(d).
17
Let w(o) = -128*o + 5752. Let c be w(45). Let n(b) = -b**3 - 7*b**2 + 12*b + 1. Calculate n(c).
-31
Let k(x) = x**3 + 3*x**2 - 10*x + 4. Let t be k(-5). Let h be (t/8)/(3/(-144)*-3). Let f(d) = -9*d**2 + d**3 + h + 17*d**2 - 3*d**2 - 6*d. Calculate f(-6).
8
Let p = 123 + -72. Let c = p - 41. Suppose c + 14 = 4*q. Let o(a) = a - 2. Calculate o(q).
4
Let l(u) be the first derivative of -4*u**3/3 + 18*u**2 + 7*u - 473. Calculate l(9).
7
Let o(h) = -h**3 - 11*h**2 - 15*h - 5. Let c(f) = -f**3 - f**2 - 47*f - 10. Let z be c(0). Give o(z).
45
Let n(o) = -8*o + 14. Let b be n(2). Let s be ((-2)/(-2) - (4 + b))*-7. Let z(k) = -k + 14. Calculate z(s).
7
Let r(p) be the third derivative of -p**4/12 - p**3/3 + p**2. Let g = -79 + 82. Suppose -2*c = -d - 14, 24 = -0*d - 2*d + g*c. Determine r(d).
10
Let a(l) = -9 + 1055572*l - 14 - 1055577*l. Calculate a(-14).
47
Let v(g) be the second derivative of g**4/4 + 5*g**3/3 - 17*g**2/2 - 3538*g. Give v(2).
15
Let l(p) = 20*p**3 + 1. Let h(z) = 2*z**3 - 17*z**2 + 30*z + 1. Let f be h(6). Let o be 3/(-1)*1 + 1. Let q be (f - -5)/(-3)*o/4. Calculate l(q).
21
Let n(t) = -4*t + 69. Let y(s) = -3*s + 47. Let r(j) = 5*n(j) - 8*y(j). Let l be r(8). Let p(m) = -8*m + 2. Determine p(l).
-6
Let n(g) = -2*g - 56. Let i be (-1)/(0 + 12/150 - 39/1425). Calculate n(i).
-18
Let l(u) be the third derivative of 2*u**2 + 0*u - 7 + 2/3*u**3 - 1/12*u**4 - 1/60*u**5. What is l(-4)?
-4
Let j(b) = 2*b**3 + 3*b**2 - 5709315*b + 5709324*b - 2 - 3*b**3. Give j(5).
-7
Let h(y) = 3*y**2 + 6161*y + 1 - 6162*y + y**3 - 6 - y**2 + 2*y**2. Suppose 5*f = 25, 5*t + 5*f = 2 + 3. Calculate h(t).
-1
Let l be 3*(-6)/9 - (2 + -9). Let i(x) = x + 161 - 159 - x**2 - l*x. Calculate i(3).
-19
Let k be 29/4 + 18/24. Let u(p) = 5*p - 13. Give u(k).
27
Let i(n) be the third derivative of n**7/504 + n**6/180 - n**5/120 + 43*n**4/8 + 67*n**2. Let u(v) be the second derivative of i(v). Give u(-3).
32
Let o(d) = -d**2 + 2*d + 1. Let h(t) = -t**2 + 7*t + 14. Let f be h(8). Let z(q) = -5*q**2 + 12*q + 8. Let r(s) = f*o(s) - z(s). Determine r(3).
-11
Let d = 9612 + -9612. Let k(j) = -3*j**2 + 3*j - 6. What is k(d)?
-6
Let q(s) = -2*s**2 + 7*s - 3. Let a be (-5842)/69*6/(-4). Suppose -a = -2*n - 117. Calculate q(n).
-18
Let g(j) = -j - 9. Let w be 196/20 + (-84)/(-70). What is g(w)?
-20
Let m(z) = -22*z + 26. Let s(o) = -4*o + 5. Let y(f) = 6*m(f) - 34*s(f). What is y(-8)?
-46
Let x(k) be the first derivative of -1/3*k**3 + 3/2*k**2 + 8*k - 61. What is x(0)?
8
Let q(z) = -z**3 + z**2 + z + 3*z**2 - 1 + 0*z**2. Let i = 12887 + -12884. Determine q(i).
11
Let q(g) = 450 + 6*g + 2*g**2 - 242 - g**2 - 227. What is q(-8)?
-3
Let a(r) = 3*r - 11. Let f(s) = 4*s - 11. Let c(k) = -5*a(k) + 4*f(k). Let g(i) = 2*i**2 + 15*i - 189. Let y be g(-14). Calculate c(y).
4
Let x(h) = h**2 + 2*h + 8. Let m be ((-1)/(-1))/((-16)/(-48)). Suppose -24 = 2*c + m*c - 2*k, -3*k + 3 = -2*c. Calculate x(c).
32
Let v(m) = m**3 - 5*m**2 - 3*m - 2. Suppose -4*p + 7*p = 5*j + 31, j + 13 = 4*p. Suppose 0 = -p*z - 4*s + 12, 9 = 3*z - 3*s - 9. What is v(z)?
16
Let y(r) be the first derivative of -3*r**2/2 - 17*r + 356. What is y(-12)?
19
Let k(x) = -30*x - 10. Suppose -128 = 827*h - 795*h. Calculate k(h).
110
Suppose -1 = 2*d + g, -3*d - 4328 + 4337 = 5*g. Let x(o) = -o**3 - o**2 + o - 1. Let h(j) = -3*j**3 - 4*j**2 + 2*j - 2. Let i(p) = h(p) - 2*x(p). Give i(d).
0
Let r(d) be the third derivative of d**6/120 - d**5/20 - 5*d**4/8 + 5*d**3/3 + 13300*d**2. Calculate r(-3).
1
Let a(j) be the second derivative of j**4/12 - j**3/6 + 4*j**2 + 80864*j. Suppose 5*t = 7 - 17. Let l = t + 2. Calculate a(l).
8
Let m(k) be the third derivative of -7*k**4/24 - 59*k**3/6 + 4*k**2 + k. Let j be m(-8). Let a(p) = 4*p - 3. Calculate a(j).
-15
Let s(l) = -5*l + 34. Let n(h) = -20*h + 129. Let c(f) = 6*n(f) - 23*s(f). Calculate c(-3).
7
Let n(b) = b**2 - 46*b - 4. Let y be 2*(62/(-8) - -2)*(55 - 59). Give n(y).
-4
Let g(s) = s - s**2 + 0*s**2 + 4*s**2 - 3. Suppose 691 - 683 = -4*z, 3*r - 4*z = -4. What is g(r)?
41
Let b(h) = -h**3 - 2*h**2 + 5*h - 1. Let f = 15 - 41. Let l(z) = z**3 + 27*z**2 + 26*z - 4. Let n be l(f). Calculate b(n).
11
Let x(v) = 2*v**2 - 52*v - 10. Suppose -597 + 555 = -39*t + 933. What is x(t)?
-60
Let y(q) = q**3 + 11*q**2 + 9*q - 8. Let w = -366 + 362. Let r(g) = -g**2 + 6. Let c be r(w). Calculate y(c).
2
Let l(d) = -22*d + 60. Let o(w) = -w**3 + 7*w**2 + 160*w + 173. Let f be o(17). Give l(f).
-6
Let d(u) = -u**3 + 14*u**2 + 33*u - 11. Let v(x) = -x**3 - 8*x**2 + 156*x - 11. Let h be v(9). Calculate d(h).
5
Let t(l) = 2*l + 15. Let h(y) = -215 - 4*y + 0*y - 210 + 395. Let g(n) = -6*h(n) - 11*t(n). What is g(-11)?
-7
Let f(q) = -q**2 - 6*q - 6. Let o be f(-5). Let u = o - -4. Let y(s) be the second derivative of s**4/6 - s**3/6 - 3*s**2/2 + 33*s. Determine y(u).
12
Suppose v + 154 = 4*w, 3*w + 2*v - 112 = -2. Let f(a) = -109 - a + 34 + 42 + w. Calculate f(0).
5
Let u(d) = d**3 - 9*d**2 + 17*d + 1. Let o be u(6). Let w be (-8 - -5 - o)*1/2. Let g(q) = -2*q**2 - q + 1. What is g(w)?
-2
Let l(k) = -k**3 + 6*k**2 + 3*k - 7. Let p = -11 + 17. Let n be (27/9)/((-3)/(-2)). Suppose -n*x - 4*i + 6*i = -p, -i + 33 = 5*x. Give l(x).
11
Let s(f) = -2*f**2 + 6*f - 3. Let y(n) = 2*n**2 - 5*n + 3. Let p(w) = 3*s(w) + 4*y(w). Le